 u(f) = -2576*f - 19298. Determine u(-8).
1310
Let a(b) = 2*b**3 + 4*b**2 - 189*b + 17. What is a(-11)?
-82
Let j(z) = 3*z**3 - 23*z**2 - 79*z + 238. Calculate j(2).
12
Let m(k) = -2*k**3 + 33*k**2 - 47*k - 318. What is m(14)?
4
Let v(t) = -t**3 - 490*t**2 + 23510*t + 7484. Calculate v(-534).
8
Let q(i) = i**2 - 1097*i + 15973. Determine q(15).
-257
Let t(a) = 14*a**2 - 374*a - 1785. Give t(-5).
435
Let s(v) = -10*v**3 + 403*v**2 - 281*v + 6434. What is s(40)?
-6
Let q(f) = -377*f**2 + 7157*f + 109. Calculate q(19).
-5
Let k(i) = -503*i + 6750. Give k(10).
1720
Let k(z) = z**2 + 4713*z - 247782. Determine k(52).
-2
Let w(m) = -2*m**3 - 141*m**2 - 2487*m - 74. Determine w(-35).
-4
Let l(b) = -82*b**2 + 500*b + 21. Give l(7).
-497
Let b(t) = -285*t + 30403. Give b(106).
193
Let h(d) = -21662*d - 129980. Give h(-6).
-8
Let k(h) = h**3 + 23*h**2 - 88*h - 753. Calculate k(-25).
197
Let v(j) = -158*j - 4536. Determine v(-37).
1310
Let r(w) = 2*w**2 - 18205*w + 381426. Give r(21).
3
Let l(j) = -2*j**3 - 2*j**2 - 625*j + 1274. Calculate l(2).
0
Let r(j) = -23*j**2 - 991*j - 1973. Calculate r(-41).
-5
Let m(t) = 225*t + 20197. Determine m(-93).
-728
Let z(t) = t**3 - 64*t**2 + 121*t - 6192. Calculate z(64).
1552
Let f(p) = -18557*p + 148246. Give f(8).
-210
Let a(o) = -o**2 + 2426*o - 565030. Give a(261).
35
Let i(u) = -2*u**3 + 27*u**2 - 13*u - 40. Give i(11).
422
Let f(l) = 1969*l - 4452. What is f(2)?
-514
Let h(u) = u**2 - 184*u - 12412. What is h(238)?
440
Let v(p) = p**3 + 210*p**2 - 38*p + 36502. Determine v(-211).
-1
Let x(w) = -5*w**2 + 125*w - 820. Give x(10).
-70
Let c(w) = 8*w**2 - 393*w - 983264. What is c(376)?
-24
Let y(r) = 104577*r + 2614427. Determine y(-25).
2
Let n(a) = -a**3 - 61*a**2 + 3*a + 244. Determine n(-61).
61
Let u(r) = -4*r**3 + 356*r**2 - 1762*r + 156. Give u(5).
-254
Let k(b) = 5*b**3 + 45*b**2 + 38*b + 114. Give k(-11).
-1514
Let s(z) = -38*z + 93. Give s(20).
-667
Let v(s) = -51553*s + 154197. Determine v(3).
-462
Let o(z) = 44*z**3 - z**2 + 172*z - 172. What is o(1)?
43
Let p(u) = 1039*u + 499750. What is p(-481)?
-9
Let b(l) = 2*l**2 - 538*l + 29401. Determine b(193).
65
Let w(c) = -2*c**3 + 48*c**2 + 217*c - 42. Calculate w(-4).
-14
Let t(s) = 15*s - 1642. Calculate t(88).
-322
Let v(s) = -s**3 + 123*s**2 + 112*s + 1429. Determine v(124).
-59
Let z(k) = 3*k**2 - 161*k + 1412. Determine z(44).
136
Let v(f) = -15*f**2 - 2241*f + 2933. What is v(-151)?
-691
Let v(y) = -y**2 - 28*y + 1171. Give v(-55).
-314
Let g(r) = -673*r - 116983. Calculate g(-178).
2811
Let k(l) = 7*l**3 - 12*l**2 + 21*l + 48. What is k(-2)?
-98
Let l(v) = 34*v**2 - 10*v - 199. Determine l(-2).
-43
Let h(x) = 11*x**2 + 3492*x + 17426. Give h(-5).
241
Let a(g) = 2731*g - 41039. What is a(15)?
-74
Let k(v) = 80*v**2 + 970*v + 8. Give k(-12).
-112
Let t(r) = 98*r**3 + 19*r**2 + 31*r - 56. Determine t(-3).
-2624
Let r(f) = 4*f**2 - 810*f + 39192. What is r(122)?
-92
Let f(t) = -4176*t + 22162. Calculate f(5).
1282
Let f(m) = -245*m - 7605. Determine f(-34).
725
Let x(c) = -754*c - 68601. What is x(-91)?
13
Let p(c) = -2*c**2 - 2000*c + 719927. Determine p(281).
5
Let c(a) = -15*a**2 - 18050*a + 90663. Calculate c(5).
38
Let o(f) = 77*f**3 + f**2 - 3*f - 7. Calculate o(2).
607
Let q(c) = -20*c**2 + 3162*c - 6550. Calculate q(156).
2
Let b(r) = r**3 - 29*r**2 - 229*r + 370. Determine b(35).
-295
Let o(z) = z**3 - 113*z**2 - 8366*z - 142. Calculate o(-51).
-40
Let x(d) = 25703*d - 334143. Determine x(13).
-4
Let w(x) = 831*x**2 + 19914*x - 739. What is w(-24)?
-19
Let a(y) = -y**2 - 34354*y + 446695. What is a(13)?
-76
Let m(c) = 13*c**2 + 209863*c - 839657. Calculate m(4).
3
Let w(s) = 1332*s - 408817. Calculate w(307).
107
Let u(a) = 469*a + 65634. Determine u(-140).
-26
Let b(d) = -340*d**3 + 234937*d**2 + 2068*d + 3452. What is b(691)?
-3
Let p(j) = -1157*j - 30061. Determine p(-26).
21
Let p(t) = 18*t**3 - 52*t**2 - 6*t + 32. Calculate p(3).
32
Let v(w) = -3*w**2 - 11899*w - 130531. What is v(-11)?
-5
Let a(l) = -l**3 + 230*l**2 - 32*l - 45144. Give a(229).
-31
Let m(x) = 9165*x - 550073. Give m(60).
-173
Let o(v) = v**3 - 2570*v**2 + 50996*v + 86. What is o(20)?
6
Let z(j) = 4*j**3 - 88*j + 601. Determine z(8).
1945
Let m(n) = -23*n + 1234. Calculate m(30).
544
Let z(g) = 2*g**3 - 152*g**2 - 308*g + 11835. Calculate z(77).
-23
Let l(y) = -538*y**2 - 10760*y + 123. Calculate l(-20).
123
Let s(d) = d**3 - 266*d**2 + 190*d + 19869. Determine s(265).
-6
Let q(z) = -10*z**2 - 231*z - 155. Calculate q(-30).
-2225
Let r(m) = 6*m**2 - 172*m + 1253. Calculate r(15).
23
Let s(h) = -49*h + 2238. Give s(19).
1307
Let j(t) = 45*t**3 + 16*t**2 + 18*t + 14. Calculate j(-1).
-33
Let u(y) = -53335*y - 1013355. Give u(-19).
10
Let x(d) = -1729*d - 153799. Determine x(-89).
82
Let v(m) = -m**2 + m + 9928. What is v(-99)?
28
Let x(p) = p**3 + 7*p**2 + 228*p - 1352. Give x(5).
88
Let c(k) = -81*k**2 + 339*k + 818. What is c(-2)?
-184
Let j(v) = -2*v**3 - 838*v**2 - 987*v - 63129. What is j(-418)?
-11
Let n(p) = p**2 + 17581*p + 140554. Determine n(-8).
-30
Let a(t) = 54377*t + 489400. What is a(-9)?
7
Let q(g) = 7*g**2 + 178*g - 2099. Determine q(-28).
-1595
Let a(w) = -98*w**2 - 2458*w - 309. Determine a(-25).
-109
Let r(g) = 1969*g - 171906. Calculate r(87).
-603
Let c(f) = -f**3 - 43*f**2 - 129*f + 1062. Calculate c(-39).
9
Let r(u) = 5456*u + 114576. Calculate r(-21).
0
Let a(c) = -4482*c - 9232. What is a(-2)?
-268
Let i(d) = d**3 + 119*d**2 + 2593*d - 1580. What is i(-90)?
-50
Let n(z) = z**3 + 102*z**2 + 116*z + 224. What is n(-101)?
-1291
Let c(o) = 12*o**3 + 133*o**2 + 149*o + 69. Give c(-9).
753
Let o(f) = 571*f + 24943. Determine o(-44).
-181
Let c(f) = 10118*f + 82422. Determine c(-8).
1478
Let f(s) = -8*s**3 + 112*s**2 + 34041*s - 476583. What is f(14)?
-9
Let i(y) = 7847*y + 15688. Calculate i(-2).
-6
Let c(i) = -199*i + 23978. Determine c(121).
-101
Let i(g) = 24830*g + 248315. Calculate i(-10).
15
Let z(w) = 1790*w + 20863. Determine z(-11).
1173
Let i(q) = -q**3 - 144*q**2 + 1553*q + 39. What is i(10)?
169
Let q(j) = 1331*j + 168167. Give q(-127).
-870
Let z(c) = -50*c**3 - 3*c**2 - 11*c - 18. What is z(-2)?
392
Let b(h) = 9*h**2 + 2307*h - 2126. What is b(-257)?
-584
Let i(t) = -22*t**3 + 580*t**2 + 1975*t + 99. Determine i(-3).
-12
Let p(o) = 7*o**2 + 1259*o + 5019. Calculate p(-4).
95
Let m(z) = 11048*z - 265160. Give m(24).
-8
Let o(h) = 381*h**2 - 3445*h + 146. Calculate o(9).
2
Let m(g) = 5*g**3 - 2*g**2 - 279*g - 2058. Determine m(-7).
-1918
Let u(n) = 13495*n - 134943. What is u(10)?
7
Let u(p) = -5*p**3 + 34*p**2 - 67*p + 506. Calculate u(7).
-12
Let a(p) = p**3 - 211*p**2 - 646*p + 856. What is a(-4)?
0
Let v(o) = 209594*o + 838368. What is v(-4)?
-8
Let l(y) = y**2 + 209*y - 4272. Give l(17).
-430
Let y(c) = 5117*c - 66565. Determine y(13).
-44
Let c(g) = 48*g**2 + 1803*g + 998. Calculate c(-37).
-1
Let s(k) = 301*k + 6875. What is s(-26)?
-951
Let j(h) = 886*h - 17666. Calculate j(20).
54
Let t(f) = -1252*f + 12367. What is t(10)?
-153
Let s(a) = 13*a**2 - 18*a - 44. What is s(-14)?
2756
Let j(v) = 17*v**2 - 1691*v - 27010. Calculate j(-14).
-4
Let o(h) = -52*h + 1466. Determine o(34).
-302
Let y(r) = -3*r**3 - 2*r**2 + 14*r + 86. Give y(0).
86
Let i(m) = m**3 + 420*m**2 + 2859*m - 345. Determine i(-7).
-121
Let l(y) = -3*y**2 + 189*y + 1957. Give l(39).
4765
Let z(t) = 6*t**3 - 39*t**2 + 19*t - 22. Give z(6).
-16
Let h(i) = -8637*i + 276384. Determine h(32).
0
Let l(p) = -801143*p - 1602281. Calculate l(-2).
5
Let b(j) = -301*j + 7898. Calculate b(25).
373
Let d(v) = 156*v - 6230. What is d(40)?
10
Let w(v) = 2*v**2 + 149*v + 2547. Give w(-21).
300
Let k(z) = 4299*z - 305218. What is k(71)?
11
Let i(r) = -6319*r - 12845. Determine i(-2).
-207
Let x(k) = -3*k**3 + 633*k**2 + k - 541. Determine x(211).
-330
Let k(g) = -g**2 - 27811*g + 306114. Determine k(11).
72
Let u(k) = -260003*k - 519989. What is u(-2)?
17
Let l(s) = 99*s**2 + 39022*s + 6289. Calculate l(-394).
-15
Let z(v) = 112*v**2 - 65*v - 74. What is z(-1)?
103
Let j(t) = -467*t**2 - 1875*t - 9. Give j(-4).
19
Let x(n) = n**3 - 122*n**2 - 385*n + 1246. Give x(125).
-4
Let l(g) = -13*g**2 - 1473*g - 1909. Determine l(-112).
-5
Let c(k) = 128995*k + 1160956. What is c(-9)?
1
Let